e n(h).
2
Let z(k) = -33*k + 26. Let m(d) = 73*d - 59. Let l(u) = 5*m(u) + 11*z(u). Suppose -3*n - 2*g = -13, g + 6 = 2*n - 5. Calculate l(n).
1
Let i = -65 + 73. Let n(x) = x + 0*x**3 - 4*x + 3 - i*x**2 - x**3 + 3*x**2. Let l(a) = 3*a**3 - a**2 - a - 1. Let o be l(-1). Give n(o).
-1
Suppose 3*w - 2*c + 9 = -c, 2*w - 4*c = 4. Let s be 8 + (-3 - (w + 4)). Suppose 10*k - 25 = s*k. Let p(j) = 4*j - 6. What is p(k)?
14
Let c(x) = 13*x + 9. Let d = -511 + 507. Let p(t) = -2*t - 2. Let q(o) = d*p(o) - c(o). Give q(-1).
4
Let l(t) = -6*t + 260 - 500 + 250. Give l(-9).
64
Suppose 2*f - 5*q = -374, -2*q = -2*f - q - 358. Let d = 172 + f. Let y(b) = -2*b - 7. What is y(d)?
3
Let y(b) = 2*b + 38. Let o be (5 + -8)*(725/225 + 2/18). Give y(o).
18
Let y(x) = 8*x + 2. Let n(c) be the second derivative of 11*c**2 + 0 - 7/3*c**3 - 30*c + 1/12*c**4. Let v be n(12). Give y(v).
-14
Let w(c) = 119*c + 117*c - 232*c - 2*c**2 + c**2 - 2 + 2*c**2. Let k(y) = y**2 + y + 3. Let f be k(0). Suppose -f*p - 15 = 6. What is w(p)?
19
Let z(m) be the first derivative of 0*m**2 - 47 - m - 7/3*m**3 + 1/4*m**4. Calculate z(7).
-1
Let u(o) be the first derivative of 3*o**2/2 - 17*o + 927. Determine u(2).
-11
Let v(x) = x**2 - 6*x - 6. Let a(t) = t**2 - 6*t - 20. Let r(d) = d**3 - 15*d**2 + 12*d + 25. Let s be r(14). Let i be a(s). What is v(i)?
1
Let n(g) = g**3 - g**2 - g - 1. Suppose 92 = -6*w + 68. Let c(f) = -f**3 - 3*f**2 - 6*f - 3. Let d(u) = w*n(u) + c(u). What is d(1)?
-5
Let v(j) be the second derivative of -j**5/20 - 5*j**4/6 - 4*j**3/3 + 15*j**2/2 - 3*j + 4. Calculate v(-9).
6
Let n(c) = 18*c**3 - 2*c**2 + 8 + 6 - 8*c - 17*c**3 - 8*c. Calculate n(6).
62
Let r(y) be the second derivative of 2*y**3/3 - 5*y**2/2 + 940*y. Suppose 1 = p - q - 7, 0 = 5*p - 2*q - 31. Determine r(p).
15
Let m be 4331/1065 + 3/(-45). Let q(d) = -d**3 + 7*d**2 - 15*d + 5. Calculate q(m).
-7
Suppose n - 6 = -2*t, 4 = 2*n - 3*n + 3*t. Let m(z) = -z**3 + 4*z**2 - 4*z - 3. Let g(x) = -2*x**3 + 9*x**2 - 8*x - 8. Let q(r) = n*g(r) - 5*m(r). What is q(3)?
20
Suppose -27*p = -5*p - 110. Let v(i) = 4*i + 7. Let d(t) = 3*t + 6. Let h(f) = p*d(f) - 4*v(f). Give h(4).
-2
Let x = -95 - -107. Let c be 18/7*56/x. Suppose l = 5*l - c. Let f(s) = -2*s + 2. Give f(l).
-4
Suppose -3*c + 23 = -2*q, -224 = -4*q + 5*c - 265. Let a(m) = -11*m - 49. Determine a(q).
-5
Let g(y) = 12*y**2 - 313*y + 32. Let k be g(26). Let p(c) = -c**3 + 9*c**2 - 15*c + 4. Determine p(k).
22
Let v(p) be the first derivative of 79 + 5/2*p**2 + 1/3*p**3 - 10*p. Determine v(-9).
26
Suppose z - 5*t - 20 = 0, -5*z + 193 - 181 = -3*t. Let b(h) = 7*h**2 + 11. Let u(l) = -15*l**2 - 23. Let q(k) = -13*b(k) - 6*u(k). Give q(z).
-5
Let n(v) = 7*v**3 - 12*v**2 - 10*v - 62. Let b(o) = o**3 - 3*o**2 + o + 1. Let a(x) = -6*b(x) + n(x). Calculate a(-7).
-5
Let z(h) = -3*h**2 - 5. Let m(v) = -7*v**2 + 6*v - 12. Let i(j) = -m(j) + 2*z(j). Calculate i(7).
9
Suppose 3*b - 4*h - 39 = 0, -b = 4*b - 2*h - 51. Let d(v) = -11*v**2 + 0 + 12*v**2 - 1 - 10*v + 0. Give d(b).
-10
Let i(l) = l**2 + 3*l - 6. Suppose -2*t = 10 - 24. Suppose -r = 3*c - t*c + 240, 313 = 5*c + 2*r. Let k = c - 57. Determine i(k).
22
Let j(b) be the second derivative of -2*b + 0 + 1/2*b**2 + 1/12*b**4 - 5/6*b**3. Suppose 376*r + f = 379*r - 14, -4*r + 8 = -4*f. Determine j(r).
7
Let k(g) = 16*g**2 - 5*g + 6. Let m(u) = 80*u**2 - 28*u + 33. Let z(v) = -11*k(v) + 2*m(v). What is z(1)?
-17
Suppose 5*g = -4*o + 7 + 11, -5*o - 5*g + 20 = 0. Let l(z) be the second derivative of -z**3/6 + z**2 + 5174*z + 2. Calculate l(o).
0
Let f(z) = z**2 - 7*z - 6. Let l be 550/(-143) + (-4)/26. Let m be (l + 2)*6/(-4). Suppose r = -m*r + 24. What is f(r)?
-12
Let u(y) = -y**2 - 18*y - 14. Suppose 329 = 5*m - 2*b, 0*m + 2*m - 5*b - 140 = 0. Suppose -7*x - 54 = m. Give u(x).
3
Let t(o) be the second derivative of 0 - 5/6*o**3 + 1/12*o**4 - 165*o + 3/2*o**2. What is t(5)?
3
Let b(c) be the second derivative of 5*c**3/6 + 3*c**2 + 66*c. Determine b(-1).
1
Let x be 16/(-7) - (-4)/14. Suppose -4*j + 3*d + d = -12, 0 = -4*j + d + 27. Let p(q) = 6 - 6*q - j*q - 4 + 8*q - 3. What is p(x)?
11
Let h = 6 - 3. Let b be (-158)/(-8) + (-23)/(2024/66). Let i(l) = -2 + 14*l - 28*l - h*l**2 + b*l + l**3. Give i(3).
13
Let f(r) be the third derivative of -1/12*r**4 + 1/3*r**3 + 0 + r**2 + 1/60*r**5 + 0*r. Let q be ((-9)/(-5))/(1 + 16/(-40)). Give f(q).
5
Let l(d) = 8*d**3 + d. Let a = 96 - 93. Suppose -a*f = 3*f + 330. Let h = 56 + f. Determine l(h).
9
Let s be 6*(-1)/6*1. Let d(f) = 7*f**3 + f**2. Give d(s).
-6
Let m(z) = 10*z - 618. Let p(o) = -2*o + 121. Let x(l) = -3*m(l) - 16*p(l). Give x(39).
-4
Let j(o) = o**3 - o**2 - 7*o. Let z = -399 - -138. Let c = 264 + z. Give j(c).
-3
Let m(s) = 365*s**3 + 763 - 10*s**2 - 364*s**3 - 770 + 25*s. What is m(5)?
-7
Let q(f) = -f**3 - 7*f**2 - 9*f - 5. Let x be q(-3). Let w be 18/x - (-74)/259. Let g(r) = -10*r - 1. What is g(w)?
9
Let m(r) be the third derivative of 0*r + 1/120*r**6 + 1/12*r**4 - 223*r**2 + 5/6*r**3 - 1/6*r**5 + 0. What is m(10)?
25
Let g(c) be the second derivative of -c**3/6 - 14*c**2 + 76*c. Let b = 557 + -568. What is g(b)?
-17
Let h(k) = k**3 - 9*k**2 - 5*k - 9. Let m be h(10). Let p = m - 32. Let c(f) = -p + 4 + f + 4 + f. Give c(-4).
-9
Let a(d) = 15*d - 3. Let q(f) = -f. Let h(r) = 12*r - 4. Let g(n) = h(n) - 3*q(n). Let z(l) = -5*a(l) + 4*g(l). Calculate z(-1).
14
Let g(j) = -6*j**2 + 13*j + 3. Let w be -6 + (-8 - -6) + 11. Give g(w).
-12
Let k(h) = 11*h - 25. Let l(u) = 9*u - 20. Let d(f) = -4*k(f) + 5*l(f). Let w(s) = s + 6. Let m be w(-9). What is d(m)?
-3
Let d(h) be the second derivative of h**5/20 + h**4/12 + h**3/2 + 3*h**2/2 + 392*h + 2. Let i be 6/2 + 3 + -1 + -7. Determine d(i).
-7
Let l(m) = -7*m + 12*m - m - 6 - 5*m. Let b be (6 - 11)*1/1. Give l(b).
-1
Let p = -122 + 72. Let z be -4*(-1)/4 + p. Let q = z + 48. Let s(m) = 10*m**2 - m - 1. Calculate s(q).
10
Let i(n) = 23*n + 1537. Let w be i(-67). Let u(f) = 3*f**2 + 15*f + 40. What is u(w)?
28
Suppose -30*m + 34*m + 32 = 0. Let y(j) = 2*j + 22. Let z be y(m). Let c(u) = u. Let b(d) = 4*d - 7. Let l(o) = -b(o) + 3*c(o). Determine l(z).
1
Let o(l) be the first derivative of l**2 + 5*l - 5158. Give o(9).
23
Let k(c) be the third derivative of 0*c + 54*c**2 + 1/60*c**5 + 1/6*c**3 - 7/24*c**4 + 0. Determine k(4).
-11
Let h(m) = 5*m + 4. Let f be (28/8 - 2)*2. Let r(n) = -12*n**3 + 11*n**3 + f*n + 10 + 14*n**2 - 17*n. Let w be r(13). Give h(w).
-11
Let k(j) = -11*j + 294. Let b(v) = 22*v - 529. Let d(g) = 6*b(g) + 11*k(g). Determine d(-5).
5
Let b(p) = -2*p**3 - 48*p**2 - 48*p - 43. Let a be b(-23). Let z(n) = -n**3 - 6*n**2 + 6*n + 3. Determine z(a).
-60
Let k(b) be the second derivative of -b**6/360 + b**5/24 + b**4/4 - b**3/2 + b**2 - 125*b. Let h(v) be the second derivative of k(v). What is h(6)?
0
Let b(p) be the first derivative of -10*p**3/3 + p**2/2 - p - 3744. Suppose 0 = -y - 0*y. Let l = 1 - y. Determine b(l).
-10
Let v(d) = d**3 + 5*d**2 - 6*d + 6. Let q be v(-6). Suppose -5*n - 46 = -q. Let p(j) = j**2 + 6*j + 8. Give p(n).
24
Let q(p) be the second derivative of p**3/3 - 19*p**2/2 + 529*p. Suppose -h + 22 = 4*o, 4*h + 0*o - 43 = -o. Calculate q(h).
1
Let a(w) be the first derivative of -7*w**3/3 - w**2/2 - w + 21172. Let t(p) = -p**2 - 4*p - 1. Let o be t(-3). Calculate a(o).
-31
Let z(k) = 39*k**3 - 2*k - 2. Let w(q) = q**2 + 161*q + 2819. Let p be w(-141). Determine z(p).
-39
Let d(r) be the third derivative of -r**5/30 - 11*r**4/24 - 7*r**3/6 - r**2. Suppose 191*o - 57 = -31*o - 1167. What is d(o)?
-2
Let m(d) = 2*d - 2 - d**2 - 3*d + 3*d. Let q be (6/(-30) - 6/(-10))/((-40)/(-300)). Determine m(q).
-5
Let p(i) = 8*i - 9. Let s be 1 - -6*(0 - (-9)/(-54)). Give p(s).
-9
Let a(q) = q + 43 + 76 - 120. Suppose -2*v + 52 = -3*z - 0*v, -10 = -2*v. Let p = z - -8. Calculate a(p).
-7
Let z(b) be the first derivative of 3*b**2/2 + 2*b - 983. Give z(-2).
-4
Let d(n) = n - 6. Let h(k) = k + 3. Let l = 98 - 100. Let u(v) = l*h(v) - d(v). Determine u(3).
-9
Let w(q) = 2*q**3 - 46*q**2 - q - 2. Suppose -84*t + 3*n = -80*t - 80, 2*t - 4*n - 30 = 0. What is w(t)?
-25
Let r(z) = z - 2. Suppose 13*l + 48 + 30 = 0. Let w(k) = -k**3 - 7*k**2 - 12*k - 41. Let t be w(l). Calculate r(t).
-7
Let f(d) = d*